 is the units digit of r?
8
Let j = 4 + -2. What is the units digit of j?
2
Let u = -52 + 118. What is the units digit of u?
6
Suppose 4*h = 3*h - 1. What is the units digit of (4 + h)/(2/8)?
2
Let p(i) = -29*i - 11. What is the units digit of p(-4)?
5
Suppose 5*z - b = 119, -2 = -b - 1. What is the tens digit of z?
2
Suppose 2*k = -4*w + 4, 2*k - 2 = -2*w - 2*k. What is the units digit of w + -2 + (0 - -5)?
4
Let i(w) = 11*w**2 - 2*w - 2. What is the tens digit of i(2)?
3
Suppose 0 = -5*y - 2*k + 48, -y + 8 = -0*k + 2*k. What is the tens digit of y?
1
Suppose 630 = 2*g + 4*g. What is the tens digit of g?
0
Suppose 5*v = 3*l + 2*l + 135, -5*v - 2*l + 170 = 0. Let j = -16 + v. What is the units digit of j?
6
Let f = -46 + -2. Let k = -32 - f. What is the tens digit of k?
1
Let r(p) = -3*p - 2. Let h(v) = v**2 + 2*v + 1. Let z be h(-3). Let w be r(z). What is the units digit of ((-18)/21)/(2/w)?
6
Let d = 59 + 28. What is the tens digit of d?
8
Suppose 0 = 18*i - 17*i - 70. What is the units digit of i?
0
Let h(d) = -15*d - 1. Let p(b) = 7*b. Let q(r) = 2*h(r) + 5*p(r). What is the units digit of q(4)?
8
Suppose 3*u + 3*v = -0*u - 6, -5*v - 13 = 4*u. What is the units digit of u?
3
Let v(p) be the third derivative of -p**6/120 + p**5/12 - p**4/6 + p**3/6 + 3*p**2. Let l be v(3). Suppose l*z = 3*z + 20. What is the units digit of z?
5
Suppose -h + 55 = 4*b, 3*b - 20 = -4*h + 31. What is the tens digit of b?
1
Let y(l) = l**3 + l**2 - 4. What is the tens digit of y(3)?
3
Suppose 2*s - 9 = 5*s, s - 187 = -5*q. Let l = -4 + q. What is the units digit of l?
4
Let a = 179 + -110. What is the units digit of a?
9
Let g = -93 - -161. Let f = -41 + g. What is the units digit of f?
7
Let a be ((-14)/(-3))/(4/(-6)). Let j = a + 8. What is the units digit of j?
1
Suppose 0 = -2*f + 3*f + 3, -5*v - 2*f = -69. Suppose -43 = -3*t - 4*n, -4*t + v = n - 25. What is the units digit of (-2)/(6/t)*-3?
9
Let d(w) = 5*w**2 - 11*w - 8. Let z(u) = u**2 - u - 1. Let x(a) = d(a) - 4*z(a). What is the units digit of x(8)?
4
Suppose -2300 = 2*v - 7*v. What is the tens digit of 2/(-9) + v/45?
1
Let r(h) = 3*h - 5. Let d be r(11). Suppose -d - 22 = -2*n. What is the units digit of n?
5
Suppose 3*p - 4*t = 57 - 15, -3*p + 21 = 3*t. Suppose -5*w = -p - 0. What is the units digit of -3 + w + 0 + 3?
2
Let u = 131 + -73. What is the units digit of u?
8
Suppose -j - 4 = a, 3*j + 15 = 8*j - 2*a. Let b be (1 + j/(-2))*90. Suppose b = l + 4*l. What is the units digit of l?
9
Let i(d) = 2*d**2 + 11*d - 5. What is the units digit of i(-8)?
5
Suppose 4*l - 11*l = -1057. What is the hundreds digit of l?
1
Let h(l) = -2*l - 12. Let j be h(0). Let n(t) = -t**3 - 13*t**2 - 13*t + 6. What is the tens digit of n(j)?
1
Let j = -9 - -14. Let f = j - 0. What is the units digit of f?
5
Suppose 4*a = -a. Let t(p) = 4*p - p**2 + p**3 - 4*p + a*p + 3. What is the units digit of t(0)?
3
Let l(y) = -3*y - 2. Let j = -1 + -4. What is the tens digit of l(j)?
1
Suppose 13 + 2 = 5*p. Suppose -p*x + 8 = -7*x. Let n = x + 4. What is the units digit of n?
2
Let p(y) be the second derivative of -y**4/12 + 6*y**2 + 6*y. What is the tens digit of p(0)?
1
What is the units digit of 24/(-8) - (3 - 13/1)?
7
Let h be (0 - (-1 - -2))*0. Suppose 0 = -w - s + 4 + 10, -5*w - s + 62 = h. What is the tens digit of w?
1
Let b(j) = -3 + 0 + 0 - 6*j**2 + 0*j**2 - 4*j + j**3. What is the units digit of b(7)?
8
Suppose 0 = -3*r - 4*n + 47, 4*r - r + 3*n = 51. What is the tens digit of r?
2
Let j(i) be the second derivative of i**5/5 - i**4/4 - i**3/6 + i**2 + 2*i. What is the units digit of j(2)?
0
Let g(d) = 15*d**2 - d. What is the units digit of g(1)?
4
What is the units digit of (-2)/6 + (-76)/(-12)?
6
Let c(n) = 2*n - 1. Suppose 5*f = -0*f + 5. What is the units digit of c(f)?
1
Let l be (-128)/(-7) - 6/21. Suppose -2*a + a + l = 0. Let p = a - 11. What is the units digit of p?
7
Let h = -42 + 61. What is the units digit of h?
9
Suppose 16*y = 14*y + 62. What is the tens digit of y?
3
Let b(f) = -f**3 - 15*f**2 + 12*f - 2. What is the tens digit of b(-16)?
6
Let l(z) = -z**3 - 2*z**2 + 3*z + 3. What is the units digit of l(-3)?
3
Let g be (3/(-2))/(3/(-12)). Let d(s) = 4*s + 3. What is the units digit of d(g)?
7
Suppose -5*w - 4*o - 51 + 125 = 0, -88 = -4*w + 4*o. What is the units digit of 12/w*(1 + 8)?
6
Let t = -33 + 11. Let b = -14 - t. What is the units digit of 6/b*(4 - 0)?
3
Let v = 227 + -140. What is the units digit of v?
7
Let a = 40 - -2. What is the tens digit of a?
4
Let y(o) be the third derivative of o**4/12 - o**3/2 - o**2. Let q be y(3). Suppose 22 = q*j + 1. What is the units digit of j?
7
Let d(w) be the first derivative of -17*w**5/120 - w**4/24 + 4*w**3/3 - 4. Let n(h) be the third derivative of d(h). What is the units digit of n(-1)?
6
Let d(r) = 2*r + 2. Let c be d(2). What is the units digit of 10/15 - (-44)/c?
8
Let v(f) be the first derivative of f**2/2 - 2. Let y(k) = 2*k + 1. Let q(i) = -2*v(i) - y(i). What is the units digit of q(-3)?
1
Let z(k) = 4*k**2 + k - 2. Let v(s) = -2 + 9*s + 2 - 8*s - s**2. Let y be v(-1). What is the tens digit of z(y)?
1
Let p(s) = s - 9. Let q be p(11). Suppose -5*k = -q*k - 15. What is the units digit of k?
5
Let p be -52*(-1 - 0 - 0). Let x = p - 24. What is the units digit of x?
8
Suppose 4*v + 10 = 2*w - 5*w, -4*w + 3*v + 20 = 0. Suppose 0 = -5*g + o + 7 + 1, -g + 4*o - 6 = 0. Suppose -g = -k + w. What is the units digit of k?
4
Suppose 5*h - 24 = h - 5*l, 2*h = 2*l - 6. Suppose -2*y - i = -8, -2*y + 5*i = h + 3. Suppose -2 = -4*g - y*v + 9, 4*v = -g - 7. What is the units digit of g?
5
Suppose -h - 3*z = 14, 4*h - 12 = -0*z + 5*z. Let a(w) be the second derivative of w**4/6 - w**3/6 - w**2/2 - w. What is the units digit of a(h)?
9
Suppose -4*l + s + 48 = 0, l - 6 = 5*s + 6. Suppose -m + 1 = -l. What is the tens digit of m?
1
Suppose -17*a + 13*a = -1112. What is the units digit of a?
8
Let z(n) = -n. Let b be z(2). Let i(f) = f - 5. Let p be i(2). What is the units digit of 21*p*b/18?
7
What is the tens digit of (-1842)/(-21) - (-8)/28?
8
Let s be (-6)/(-8)*1*4. Suppose 17 = s*z - 1. What is the units digit of z?
6
Let r(d) = 16*d**2 - d - 3. What is the units digit of r(-2)?
3
Suppose -3*q = q, 2*o + q = 18. Let x(s) = 13. Let t(b) = -b + 25. Let a(i) = -3*t(i) + 5*x(i). What is the units digit of a(o)?
7
Let z(p) = 21*p**2 - 7*p + 6. What is the hundreds digit of z(3)?
1
Let l(n) = 0*n**2 - n**2 + n + 2*n + 5. Let u = 7 + -3. What is the units digit of l(u)?
1
Suppose -s + 8 = 3*s. Suppose -4*z + 4*q + 4 = 0, -4*q = 3*z - 2*q + s. Suppose 2*a - 2 = -z. What is the units digit of a?
1
Let d(x) = x**3 + 9*x**2 + 10*x - 3. Let a be d(-7). Let b = a + -21. What is the units digit of b?
4
Let g be 2*((-5)/2)/5. Let l be (-3)/(26/(-20) - g). Let w = l + -3. What is the units digit of w?
7
Suppose -2*i + 10 = -i. What is the units digit of 182/i - 10/50?
8
Suppose -9 = 5*x - 8*x. Suppose 3*j - 4*v = 34, -x*j + 2*v - 3*v + 59 = 0. What is the tens digit of j?
1
Let d be 9/21 + 4/7. Let t(n) = 20*n + 1. What is the units digit of t(d)?
1
Suppose 7*p - 3*p = 4. Suppose 6 = z - 2*r, -3*z + 5*r = -19 + p. What is the units digit of z?
6
Suppose 0 = 2*j - 3*o - 249, 0 = -j - 3*o - o + 97. What is the hundreds digit of j?
1
Let b(y) = y**2 + 4*y - 1. Let u be b(-7). Suppose 7*p = 12*p - u. What is the units digit of p?
4
Let o(b) = -15*b + 2. What is the units digit of o(-2)?
2
Let w(j) = j - 2. Let b be w(2). Suppose 0*r + 3*r - 9 = b. What is the units digit of r?
3
Suppose 3*w = 2*x + 100, -2*w + 2*x = 4*x - 60. What is the tens digit of w?
3
Let l = -15 - -7. Let q(k) = -5*k**3 - 9*k**2 - 10 - 11*k + 2 + 4*k**3. What is the tens digit of q(l)?
1
Suppose 32*g - 34*g = -24. What is the tens digit of g?
1
Let l(s) = 2*s. Let f be l(1). Suppose 0 = 2*h + f*h - 24. What is the units digit of h?
6
Suppose 0 = -2*f - 5 + 41. What is the units digit of f?
8
Let z(g) = g - 3. Let a be z(6). Suppose x - 5*p - 26 = 0, -a*p - 6 = 5*x + 4. What is the units digit of (x + -3)*4/(-1)?
8
Suppose -5*r - 25 = 3*a + 2*a, 5*r + 15 = 5*a. Let n = 3 - a. Suppose 92 - 16 = n*s. What is the tens digit of s?
1
Let t(f) = -2*f**3 + f**2 + 2*f + 1. Let y be t(-1). Suppose 2*m + y = 10. Su